{"id":4949,"date":"2024-06-26T00:16:12","date_gmt":"2024-06-25T22:16:12","guid":{"rendered":"https:\/\/mesvoyagesinterieurs.com\/?post_type=portfolio&#038;p=4949"},"modified":"2024-06-26T00:20:45","modified_gmt":"2024-06-25T22:20:45","slug":"le-jour-ou-jai-ose-franchir-le-pas","status":"publish","type":"portfolio","link":"https:\/\/mesvoyagesinterieurs.com\/index.php\/case\/le-jour-ou-jai-ose-franchir-le-pas\/","title":{"rendered":"Le jour o\u00f9 j\u2019ai os\u00e9 franchir le pas"},"content":{"rendered":"\n<p>Le jour o\u00f9 j\u2019ai os\u00e9 franchir le pas j\u2019\u00e9tais loin d\u2019imaginer que le chemin de la Th\u00e9rapie<br>longtemps repouss\u00e9 donnerait \u00e0 ma vie la plus belle des prises de conscience, celle d\u2019\u00eatre<br>vivante\u00a0! Il m\u2019a fallu me d\u00e9faire de mes croyances, contacter mon ombre, trahir mes a\u00efeux,<br>traverser la palette des \u00e9motions, pour comprendre que l\u2019Amour commence par Soi\u00a0!!! Gr\u00e2ce<br>\u00e0 vous je me sens redevenue digne et je peux de nouveau Aimer, du fond du c\u0153ur, un grand<br>merci d\u2019\u00eatre vous dans la simplicit\u00e9, l\u2019authenticit\u00e9. Je souhaite \u00e0 chacun de vivre un jour cette<br>aventure, sans doute la plus difficile, mais certainement la plus intense et la plus lumineuse<br>qui soit\u00a0! MERCI LA VIE c\u2019est devenu aussi mon mantra journalier<\/p>\n","protected":false},"excerpt":{"rendered":"<p>Le jour o\u00f9 j\u2019ai os\u00e9 franchir le pas j\u2019\u00e9tais loin d\u2019imaginer que le chemin de la Th\u00e9rapie<br \/>\nlongtemps repouss\u00e9 donnerait \u00e0 ma vie la plus belle des prises de conscience, celle d\u2019\u00eatre<br \/>\nvivante\u00a0!<\/p>\n","protected":false},"featured_media":4185,"comment_status":"open","ping_status":"closed","template":"","meta":{"content-type":"","footnotes":""},"portfolio_cat":[47],"portfolio_skills":[],"class_list":["post-4949","portfolio","type-portfolio","status-publish","has-post-thumbnail","hentry","portfolio_cat-peps"],"acf":[],"_links":{"self":[{"href":"https:\/\/mesvoyagesinterieurs.com\/index.php\/wp-json\/wp\/v2\/portfolio\/4949","targetHints":{"allow":["GET"]}}],"collection":[{"href":"https:\/\/mesvoyagesinterieurs.com\/index.php\/wp-json\/wp\/v2\/portfolio"}],"about":[{"href":"https:\/\/mesvoyagesinterieurs.com\/index.php\/wp-json\/wp\/v2\/types\/portfolio"}],"replies":[{"embeddable":true,"href":"https:\/\/mesvoyagesinterieurs.com\/index.php\/wp-json\/wp\/v2\/comments?post=4949"}],"version-history":[{"count":6,"href":"https:\/\/mesvoyagesinterieurs.com\/index.php\/wp-json\/wp\/v2\/portfolio\/4949\/revisions"}],"predecessor-version":[{"id":4960,"href":"https:\/\/mesvoyagesinterieurs.com\/index.php\/wp-json\/wp\/v2\/portfolio\/4949\/revisions\/4960"}],"wp:featuredmedia":[{"embeddable":true,"href":"https:\/\/mesvoyagesinterieurs.com\/index.php\/wp-json\/wp\/v2\/media\/4185"}],"wp:attachment":[{"href":"https:\/\/mesvoyagesinterieurs.com\/index.php\/wp-json\/wp\/v2\/media?parent=4949"}],"wp:term":[{"taxonomy":"portfolio_cat","embeddable":true,"href":"https:\/\/mesvoyagesinterieurs.com\/index.php\/wp-json\/wp\/v2\/portfolio_cat?post=4949"},{"taxonomy":"portfolio_skills","embeddable":true,"href":"https:\/\/mesvoyagesinterieurs.com\/index.php\/wp-json\/wp\/v2\/portfolio_skills?post=4949"}],"curies":[{"name":"wp","href":"https:\/\/api.w.org\/{rel}","templated":true}]}}

Le jour où j’ai osé franchir le pas

<p>Le jour où j’ai osé franchir le pas j’étais loin d’imaginer que le chemin de la Thérapie<br>longtemps repoussé donnerait à ma vie la plus belle des prises de conscience, celle d’être<br>vivante ! Il m’a fallu me défaire de mes croyances, contacter mon ombre, trahir mes aïeux,<br>traverser la palette des émotions, pour comprendre que l’Amour commence par Soi !!! Grâce<br>à vous je me sens redevenue digne et je peux de nouveau Aimer, du fond du cœur, un grand<br>merci d’être vous dans la simplicité, l’authenticité. Je souhaite à chacun de vivre un jour cette<br>aventure, sans doute la plus difficile, mais certainement la plus intense et la plus lumineuse<br>qui soit ! MERCI LA VIE c’est devenu aussi mon mantra journalier</p>

<p>Le jour où j’ai osé franchir le pas j’étais loin d’imaginer que le chemin de la Thérapie<br />
longtemps repoussé donnerait à ma vie la plus belle des prises de conscience, celle d’être<br />
vivante !</p>
